{"id":22,"date":"2025-03-05T11:02:11","date_gmt":"2025-03-05T10:02:11","guid":{"rendered":"https:\/\/xn--les-crevettes-cvenoles-p8b.fr\/?page_id=22"},"modified":"2025-03-05T12:08:27","modified_gmt":"2025-03-05T11:08:27","slug":"bienvenue-en-cevennes","status":"publish","type":"page","link":"https:\/\/xn--les-crevettes-cvenoles-p8b.fr\/","title":{"rendered":"Bienvenue en C\u00e9vennes"},"content":{"rendered":"<figure class=\"wp-block-pullquote has-large-font-size\" style=\"border-style:none;border-width:0px;margin-right:0;margin-left:0;padding-right:0;padding-left:0\"><blockquote><p>\u00c9lev\u00e9es \u00e0 l&#8217;eau de source !<\/p><\/blockquote><\/figure><p class=\"has-medium-font-size\" style=\"border-style:none;border-width:0px;border-radius:0px;margin-right:0;margin-left:0\">Bienvenue dans notre boutique d\u00e9di\u00e9e aux n\u00e9ocaridinas, \u00e9lev\u00e9es en plein c\u0153ur des C\u00e9vennes, dans des conditions optimales gr\u00e2ce \u00e0 notre eau de source pure. Nos crevettes, telles de v\u00e9ritables joyaux aquatiques, sont soigneusement s\u00e9lectionn\u00e9es et cultiv\u00e9es pour garantir une qualit\u00e9 irr\u00e9prochable, tout comme un fromage de ch\u00e8vre p\u00e9lardon AOP. Chaque crevette est nourrie avec un r\u00e9gime sp\u00e9cial pour favoriser leur sant\u00e9 et leur couleur vibrante, refl\u00e9tant l&#8217;authenticit\u00e9 et la richesse de notre terroir. Offrez-vous une exp\u00e9rience unique en d\u00e9couvrant ces petites merveilles, symbole d&#8217;un savoir-faire local traditionnel coupl\u00e9 \u00e0 des pratiques durables et respectueuses de l&#8217;environnement.<\/p><div class=\"wp-block-group alignfull has-accent-4-background-color has-background is-vertical is-content-justification-center is-nowrap is-layout-flex wp-container-core-group-is-layout-2215816d wp-block-group-is-layout-flex\" style=\"min-height:100vh;margin-top:0;margin-bottom:0;padding-top:var(--wp--preset--spacing--50);padding-right:var(--wp--preset--spacing--50);padding-bottom:var(--wp--preset--spacing--50);padding-left:var(--wp--preset--spacing--50)\"><div class=\"wp-block-group alignwide has-global-padding is-layout-constrained wp-block-group-is-layout-constrained\"><div class=\"wp-block-columns alignwide are-vertically-aligned-center is-layout-flex wp-container-core-columns-is-layout-47c06fe3 wp-block-columns-is-layout-flex\"><div class=\"wp-block-column is-vertically-aligned-center is-layout-flow wp-block-column-is-layout-flow\" style=\"flex-basis:40%\"><h1 class=\"wp-block-heading has-text-align-right\" style=\"margin-right:0;margin-left:0px;font-size:clamp(4.509rem, 4.509rem + ((1vw - 0.2rem) * 9.152), 10rem);line-height:1;writing-mode:vertical-rl\">Blue Velvet<\/h1><\/div>\n\n<div class=\"wp-block-column is-vertically-aligned-top is-layout-flow wp-block-column-is-layout-flow\" style=\"flex-basis:60%\"><figure class=\"wp-block-image size-large is-resized has-custom-border is-style-rounded is-style-rounded--1\" style=\"margin-top:0;margin-bottom:0\"><img loading=\"lazy\" decoding=\"async\" width=\"631\" height=\"1400\" src=\"https:\/\/xn--les-crevettes-cvenoles-p8b.fr\/wp-content\/uploads\/2025\/03\/blue_velvet-edited-1.webp\" alt=\"\" class=\"wp-image-38\" style=\"border-style:none;border-width:0px;aspect-ratio:0.75;object-fit:cover;width:393px;height:auto\" srcset=\"https:\/\/xn--les-crevettes-cvenoles-p8b.fr\/wp-content\/uploads\/2025\/03\/blue_velvet-edited-1.webp 631w, https:\/\/xn--les-crevettes-cvenoles-p8b.fr\/wp-content\/uploads\/2025\/03\/blue_velvet-edited-1-135x300.webp 135w, https:\/\/xn--les-crevettes-cvenoles-p8b.fr\/wp-content\/uploads\/2025\/03\/blue_velvet-edited-1-462x1024.webp 462w, https:\/\/xn--les-crevettes-cvenoles-p8b.fr\/wp-content\/uploads\/2025\/03\/blue_velvet-edited-1-600x1331.webp 600w\" sizes=\"auto, (max-width: 631px) 100vw, 631px\" \/><\/figure><\/div><\/div>\n\n<p>Les crevettes <strong>Blue Velvet Neocaridina<\/strong> sont le choix id\u00e9al pour un aquarium plant\u00e9 ! Leur bleu intense cr\u00e9e un contraste saisissant avec la verdure, les rendant imm\u00e9diatement visibles au milieu des plantes comme la mousse de Java ou l\u2019Anubias.<\/p>\n\n<p>En plus d\u2019\u00eatre superbes, elles sont <strong>robustes et faciles \u00e0 maintenir<\/strong>, parfaites pour les aquariophiles d\u00e9butants comme exp\u00e9riment\u00e9s. Actives et utiles, elles participent au nettoyage de l\u2019aquarium en se nourrissant d\u2019algues et de d\u00e9chets organiques.<\/p>\n\n<p>Si vous cherchez des crevettes <strong>r\u00e9sistantes, efficaces et esth\u00e9tiques<\/strong>, les <strong>Blue Velvet<\/strong> sont un excellent choix pour un aquarium \u00e9quilibr\u00e9 et \u00e9clatant de couleur !<\/p><\/div>\n\n<div class=\"wp-block-group alignwide has-global-padding is-layout-constrained wp-block-group-is-layout-constrained\"><div class=\"wp-block-columns alignwide are-vertically-aligned-center is-layout-flex wp-container-core-columns-is-layout-47c06fe3 wp-block-columns-is-layout-flex\"><div class=\"wp-block-column is-vertically-aligned-center is-layout-flow wp-block-column-is-layout-flow\" style=\"flex-basis:40%\"><h1 class=\"wp-block-heading has-text-align-right\" style=\"margin-right:0;margin-left:0px;font-size:clamp(4.509rem, 4.509rem + ((1vw - 0.2rem) * 9.152), 10rem);line-height:1;writing-mode:vertical-rl\">Red Cherry<\/h1><\/div>\n\n<div class=\"wp-block-column is-vertically-aligned-top is-layout-flow wp-block-column-is-layout-flow\" style=\"flex-basis:60%\"><figure class=\"wp-block-image size-large has-custom-border is-style-rounded is-style-rounded--2\" style=\"margin-top:0;margin-bottom:0\"><img loading=\"lazy\" decoding=\"async\" width=\"853\" height=\"1280\" src=\"https:\/\/xn--les-crevettes-cvenoles-p8b.fr\/wp-content\/uploads\/2025\/03\/red-cherry-edited.jpg\" alt=\"\" class=\"wp-image-36\" style=\"border-style:none;border-width:0px;aspect-ratio:0.75;object-fit:cover\" srcset=\"https:\/\/xn--les-crevettes-cvenoles-p8b.fr\/wp-content\/uploads\/2025\/03\/red-cherry-edited.jpg 853w, https:\/\/xn--les-crevettes-cvenoles-p8b.fr\/wp-content\/uploads\/2025\/03\/red-cherry-edited-200x300.jpg 200w, https:\/\/xn--les-crevettes-cvenoles-p8b.fr\/wp-content\/uploads\/2025\/03\/red-cherry-edited-682x1024.jpg 682w, https:\/\/xn--les-crevettes-cvenoles-p8b.fr\/wp-content\/uploads\/2025\/03\/red-cherry-edited-768x1152.jpg 768w, https:\/\/xn--les-crevettes-cvenoles-p8b.fr\/wp-content\/uploads\/2025\/03\/red-cherry-edited-600x900.jpg 600w\" sizes=\"auto, (max-width: 853px) 100vw, 853px\" \/><\/figure><\/div><\/div>\n\n<p>Les crevettes <strong>Red Cherry Neocaridina<\/strong> apportent une explosion de couleur \u00e0 votre aquarium ! Leur rouge \u00e9clatant attire imm\u00e9diatement le regard, surtout dans un bac bien plant\u00e9 o\u00f9 elles se d\u00e9tachent magnifiquement sur un fond de verdure luxuriante.<\/p>\n\n<p>En plus de leur beaut\u00e9, elles sont <strong>parfaites pour tous les aquariophiles<\/strong>, des d\u00e9butants aux passionn\u00e9s confirm\u00e9s. <strong>Solides et adaptables<\/strong>, elles prosp\u00e8rent dans une large gamme de param\u00e8tres d\u2019eau et contribuent activement \u00e0 la propret\u00e9 de l\u2019aquarium en consommant algues et d\u00e9chets organiques.<\/p>\n\n<p>Faciles \u00e0 \u00e9lever et toujours en mouvement, les <strong>Red Cherry<\/strong> sont un excellent choix pour donner vie et dynamisme \u00e0 votre aquarium tout en maintenant un environnement sain !<\/p><\/div>\n\n<div class=\"wp-block-group alignwide has-global-padding is-layout-constrained wp-block-group-is-layout-constrained\"><div class=\"wp-block-columns alignwide are-vertically-aligned-center is-layout-flex wp-container-core-columns-is-layout-47c06fe3 wp-block-columns-is-layout-flex\"><div class=\"wp-block-column is-vertically-aligned-center is-layout-flow wp-block-column-is-layout-flow\" style=\"flex-basis:40%\"><h1 class=\"wp-block-heading has-text-align-right\" style=\"margin-right:0;margin-left:0px;font-size:clamp(4.509rem, 4.509rem + ((1vw - 0.2rem) * 9.152), 10rem);line-height:1;writing-mode:vertical-rl\">Yellow shrimp<\/h1><\/div>\n\n<div class=\"wp-block-column is-vertically-aligned-top is-layout-flow wp-block-column-is-layout-flow\" style=\"flex-basis:60%\"><figure class=\"wp-block-image size-large has-custom-border is-style-rounded is-style-rounded--3\" style=\"margin-top:0;margin-bottom:0\"><img loading=\"lazy\" decoding=\"async\" width=\"1747\" height=\"2184\" src=\"https:\/\/xn--les-crevettes-cvenoles-p8b.fr\/wp-content\/uploads\/2025\/03\/Yellow-shrimp-edited-1.jpg\" alt=\"\" class=\"wp-image-45\" style=\"border-style:none;border-width:0px;aspect-ratio:0.75;object-fit:cover\" srcset=\"https:\/\/xn--les-crevettes-cvenoles-p8b.fr\/wp-content\/uploads\/2025\/03\/Yellow-shrimp-edited-1.jpg 1747w, https:\/\/xn--les-crevettes-cvenoles-p8b.fr\/wp-content\/uploads\/2025\/03\/Yellow-shrimp-edited-1-240x300.jpg 240w, https:\/\/xn--les-crevettes-cvenoles-p8b.fr\/wp-content\/uploads\/2025\/03\/Yellow-shrimp-edited-1-819x1024.jpg 819w, https:\/\/xn--les-crevettes-cvenoles-p8b.fr\/wp-content\/uploads\/2025\/03\/Yellow-shrimp-edited-1-768x960.jpg 768w, https:\/\/xn--les-crevettes-cvenoles-p8b.fr\/wp-content\/uploads\/2025\/03\/Yellow-shrimp-edited-1-1229x1536.jpg 1229w, https:\/\/xn--les-crevettes-cvenoles-p8b.fr\/wp-content\/uploads\/2025\/03\/Yellow-shrimp-edited-1-1638x2048.jpg 1638w, https:\/\/xn--les-crevettes-cvenoles-p8b.fr\/wp-content\/uploads\/2025\/03\/Yellow-shrimp-edited-1-1320x1650.jpg 1320w, https:\/\/xn--les-crevettes-cvenoles-p8b.fr\/wp-content\/uploads\/2025\/03\/Yellow-shrimp-edited-1-600x750.jpg 600w\" sizes=\"auto, (max-width: 1747px) 100vw, 1747px\" \/><\/figure><\/div><\/div>\n\n<p>Les crevettes Yellow Neocaridina, souvent appel\u00e9es &#8220;Yellow Shrimp&#8221;, sont un v\u00e9ritable rayon de soleil dans votre aquarium ! Leur jaune vif et lumineux apporte une touche de gaiet\u00e9 et de luminosit\u00e9, surtout lorsqu\u2019elles \u00e9voluent parmi les plantes vertes comme la mousse de Java ou les Anubias. Leur couleur \u00e9clatante en fait des stars incontest\u00e9es de tout bac plant\u00e9.<\/p>\n\n<p>En plus d\u2019\u00eatre visuellement captivantes, ces crevettes sont robustes et faciles \u00e0 maintenir, ce qui les rend parfaites pour les aquariophiles de tous niveaux. Elles sont \u00e9galement tr\u00e8s actives et contribuent \u00e0 l\u2019\u00e9quilibre de l\u2019aquarium en se nourrissant d\u2019algues et de d\u00e9bris organiques, tout en restant inoffensives pour les plantes et les autres habitants.<\/p>\n\n<p>Si vous cherchez \u00e0 ajouter une touche de luminosit\u00e9 et de vitalit\u00e9 \u00e0 votre aquarium, les Yellow Shrimp sont un choix id\u00e9al pour un bac sain, dynamique et color\u00e9 ! \ud83c\udf1f\ud83e\udd90\u2728<\/p><\/div>\n\n<div class=\"wp-block-buttons is-layout-flex wp-block-buttons-is-layout-flex\"><div class=\"wp-block-button\"><a class=\"wp-block-button__link wp-element-button\">R\u00e9servez votre shrimp !<\/a><\/div><\/div><\/div><p><\/p>","protected":false},"excerpt":{"rendered":"<p>\u00c9lev\u00e9es \u00e0 l&#8217;eau de source ! Bienvenue dans notre boutique d\u00e9di\u00e9e aux n\u00e9ocaridinas, \u00e9lev\u00e9es en plein c\u0153ur des C\u00e9vennes, dans des conditions optimales gr\u00e2ce \u00e0 notre eau de source pure. Nos crevettes, telles de v\u00e9ritables joyaux aquatiques, sont soigneusement s\u00e9lectionn\u00e9es et cultiv\u00e9es pour garantir une qualit\u00e9 irr\u00e9prochable, tout comme un fromage de ch\u00e8vre p\u00e9lardon AOP. [&hellip;]<\/p>\n","protected":false},"author":1,"featured_media":0,"parent":0,"menu_order":0,"comment_status":"closed","ping_status":"closed","template":"","meta":{"footnotes":""},"class_list":["post-22","page","type-page","status-publish","hentry"],"jetpack_sharing_enabled":true,"_links":{"self":[{"href":"https:\/\/xn--les-crevettes-cvenoles-p8b.fr\/index.php\/wp-json\/wp\/v2\/pages\/22","targetHints":{"allow":["GET"]}}],"collection":[{"href":"https:\/\/xn--les-crevettes-cvenoles-p8b.fr\/index.php\/wp-json\/wp\/v2\/pages"}],"about":[{"href":"https:\/\/xn--les-crevettes-cvenoles-p8b.fr\/index.php\/wp-json\/wp\/v2\/types\/page"}],"author":[{"embeddable":true,"href":"https:\/\/xn--les-crevettes-cvenoles-p8b.fr\/index.php\/wp-json\/wp\/v2\/users\/1"}],"replies":[{"embeddable":true,"href":"https:\/\/xn--les-crevettes-cvenoles-p8b.fr\/index.php\/wp-json\/wp\/v2\/comments?post=22"}],"version-history":[{"count":13,"href":"https:\/\/xn--les-crevettes-cvenoles-p8b.fr\/index.php\/wp-json\/wp\/v2\/pages\/22\/revisions"}],"predecessor-version":[{"id":55,"href":"https:\/\/xn--les-crevettes-cvenoles-p8b.fr\/index.php\/wp-json\/wp\/v2\/pages\/22\/revisions\/55"}],"wp:attachment":[{"href":"https:\/\/xn--les-crevettes-cvenoles-p8b.fr\/index.php\/wp-json\/wp\/v2\/media?parent=22"}],"curies":[{"name":"wp","href":"https:\/\/api.w.org\/{rel}","templated":true}]}}